{"id":18,"date":"2024-02-19T14:20:22","date_gmt":"2024-02-19T13:20:22","guid":{"rendered":"https:\/\/www.diversidees.be\/?page_id=18"},"modified":"2024-11-26T11:22:10","modified_gmt":"2024-11-26T10:22:10","slug":"nos-thematiques","status":"publish","type":"page","link":"https:\/\/www.diversidees.be\/index.php\/nos-thematiques\/","title":{"rendered":"Th\u00e9matiques"},"content":{"rendered":"\n<h1 class=\"wp-block-heading has-text-align-center has-nv-dark-bg-color has-text-color has-link-color wp-elements-0b090f4825f6a95d77f8974ec5af3504\">Th\u00e9matiques<\/h1>\n\n\n\n<div class=\"wp-block-columns is-layout-flex wp-container-core-columns-is-layout-9d6595d7 wp-block-columns-is-layout-flex\">\n<div class=\"wp-block-column is-layout-flow wp-block-column-is-layout-flow\"><div class=\"wp-block-image icon-style is-style-rounded\">\n<figure class=\"aligncenter size-full\"><img loading=\"lazy\" decoding=\"async\" width=\"92\" height=\"92\" src=\"https:\/\/www.diversidees.be\/wp-content\/uploads\/2024\/02\/Bouton-DEI.png\" alt=\"\" class=\"wp-image-510\" title=\"\"\/><\/figure>\n<\/div>\n\n\n<h3 class=\"wp-block-heading has-text-align-center has-neve-text-color-color has-text-color\">Diversit\u00e9s et Inclusion (DEI)<\/h3>\n\n\n\n<p class=\"has-text-align-center has-nv-dark-bg-color has-text-color has-link-color wp-elements-d1abd86d61637540b1c8ab093a2720cd\"><strong>R\u00e9-apprendre <\/strong>\u00e0 questionner ses cadres de r\u00e9f\u00e9rences et ses habitudes pour s&rsquo;ouvrir aux <strong>diversit\u00e9s et \u00e0 leur inclusion<\/strong>.<\/p>\n<\/div>\n\n\n\n<div class=\"wp-block-column is-layout-flow wp-block-column-is-layout-flow\"><div class=\"wp-block-image icon-style is-style-rounded\">\n<figure class=\"aligncenter size-full\"><img loading=\"lazy\" decoding=\"async\" width=\"92\" height=\"92\" src=\"https:\/\/www.diversidees.be\/wp-content\/uploads\/2024\/02\/bouton-eco.png\" alt=\"\" class=\"wp-image-511\"\/><\/figure>\n<\/div>\n\n\n<h3 class=\"wp-block-heading has-text-align-center has-neve-text-color-color has-text-color\">\u00c9co-Responsabilit\u00e9<\/h3>\n\n\n\n<p class=\"has-text-align-center has-nv-dark-bg-color has-text-color has-link-color wp-elements-a041ac865aebc48150317b9e3954ebde\">Se r\u00e9-approprier le pouvoir d\u2019\u00eatre <strong>acteur\u00b7ice de changements \u00e9co-responsables<\/strong>.<\/p>\n<\/div>\n\n\n\n<div class=\"wp-block-column is-layout-flow wp-block-column-is-layout-flow\"><div class=\"wp-block-image icon-style is-style-rounded\">\n<figure class=\"aligncenter size-full\"><img loading=\"lazy\" decoding=\"async\" width=\"92\" height=\"92\" src=\"https:\/\/www.diversidees.be\/wp-content\/uploads\/2024\/02\/bouton-prise-parole.png\" alt=\"\" class=\"wp-image-512\"\/><\/figure>\n<\/div>\n\n\n<h3 class=\"wp-block-heading has-text-align-center has-neve-text-color-color has-text-color\">Communiquer ses id\u00e9es<\/h3>\n\n\n\n<p class=\"has-text-align-center has-nv-dark-bg-color has-text-color has-link-color wp-elements-bb539e998b8c7b58692f22da6a02002d\">Oser prendre la parole en publique.<br><strong>Les bonnes id\u00e9es m\u00e9ritent d\u2019\u00eatre bien partag\u00e9es<\/strong>.<\/p>\n<\/div>\n<\/div>\n\n\n\n<div class=\"wp-block-cover\" style=\"border-radius:22px\"><span aria-hidden=\"true\" class=\"wp-block-cover__background has-nv-site-bg-background-color has-background-dim-60 has-background-dim\"><\/span><img loading=\"lazy\" decoding=\"async\" width=\"1123\" height=\"794\" class=\"wp-block-cover__image-background wp-image-516\" alt=\"\" src=\"http:\/\/www.diversidees.be\/wp-content\/uploads\/2024\/02\/banniere-A4-triangle-et-angle-multicolore-1.png\" style=\"object-position:40% 0%\" data-object-fit=\"cover\" data-object-position=\"40% 0%\" srcset=\"https:\/\/www.diversidees.be\/wp-content\/uploads\/2024\/02\/banniere-A4-triangle-et-angle-multicolore-1.png 1123w, https:\/\/www.diversidees.be\/wp-content\/uploads\/2024\/02\/banniere-A4-triangle-et-angle-multicolore-1-300x212.png 300w, https:\/\/www.diversidees.be\/wp-content\/uploads\/2024\/02\/banniere-A4-triangle-et-angle-multicolore-1-1024x724.png 1024w, https:\/\/www.diversidees.be\/wp-content\/uploads\/2024\/02\/banniere-A4-triangle-et-angle-multicolore-1-768x543.png 768w\" sizes=\"auto, (max-width: 1123px) 100vw, 1123px\" \/><div class=\"wp-block-cover__inner-container is-layout-constrained wp-block-cover-is-layout-constrained\">\n<h2 class=\"wp-block-heading has-nv-dark-bg-color has-text-color has-link-color wp-elements-8294f7bc14582c46132748ce9c0d6790\">Convergence<\/h2>\n\n\n\n<p class=\"has-nv-dark-bg-color has-text-color has-link-color wp-elements-60d4af0cd85e17b5a90a98aa330e6b18\">Divers\u00b7id\u00e9es se positionne \u00e0 l&rsquo;intersection des th\u00e9matiques de <strong>diversit\u00e9s, d\u2019inclusion<\/strong> et d\u2019<strong>\u00e9co-responsabilit\u00e9<\/strong> .<br>Notre mission est de vous accompagner dans le <strong>renforcement de vos comp\u00e9tences<\/strong> et la <strong>r\u00e9alisation de vos projets<\/strong> avec <strong>b\u00e9n\u00e9fices socio-environnementaux<\/strong>.<br><br>Nous croyons en <strong>un monde joyeusement \u00e9quitable, respectueux, \u00e9thique, bienveillant et durable.<\/strong><br><br>Nous pensons qu\u2019il est essentiel de questionner notre rapport au monde vivant en tenant compte des enjeux de justices sociale et environnementale.<br><br>Nous souhaitons, avec vous, \u00e9crire de nouveaux narratifs de soci\u00e9t\u00e9, imaginer d\u2019autres mani\u00e8res de penser et de faire en favorisant une soci\u00e9t\u00e9 durable et inclusive.<\/p>\n<\/div><\/div>\n\n\n\n<div class=\"wp-block-cover alignwide is-repeated has-nv-dark-bg-color has-text-color has-link-color wp-elements-005d671101ae0dbba1e0dcce05267905\" style=\"border-radius:22px;min-height:630px;aspect-ratio:unset;\"><span aria-hidden=\"true\" class=\"wp-block-cover__background has-nv-c-1-background-color has-background-dim-20 has-background-dim\"><\/span><div class=\"wp-block-cover__image-background wp-image-517 is-repeated\" style=\"background-position:83% 30%;background-image:url(https:\/\/www.diversidees.be\/wp-content\/uploads\/2024\/02\/banniere-A4-triangle-et-angle-jaune.png)\"><\/div><div class=\"wp-block-cover__inner-container is-layout-flow wp-block-cover-is-layout-flow\">\n<div class=\"wp-block-media-text alignwide is-stacked-on-mobile is-vertically-aligned-center\" style=\"padding-right:0;padding-left:0;grid-template-columns:23% auto\"><figure class=\"wp-block-media-text__media\"><img loading=\"lazy\" decoding=\"async\" width=\"202\" height=\"252\" src=\"http:\/\/www.diversidees.be\/wp-content\/uploads\/2024\/02\/illustration-DEI.png\" alt=\"\" class=\"wp-image-515 size-full\"\/><\/figure><div class=\"wp-block-media-text__content\">\n<h2 class=\"wp-block-heading has-nv-dark-bg-color has-text-color has-link-color wp-elements-cc674af472eca29d800c2af0ac5bb1b5\" style=\"padding-right:var(--wp--preset--spacing--20);padding-left:var(--wp--preset--spacing--20)\">Diversit\u00e9s et inclusion<\/h2>\n\n\n\n<p class=\"has-nv-dark-bg-color has-text-color has-link-color wp-elements-79cf5e5ce5a06fe21209a2c798010ac4\">Les diversit\u00e9s et leur inclusion sont sources de rencontres passionnantes, d\u2019apprentissages enrichissants et de projets innovants.<br><br>Apprendre \u00e0 se remettre en question, changer ses habitudes et accueillir avec bienveillance d\u2019autres modes de vie que le sien, c&rsquo;est devenir acteur\u00b7ice d&rsquo;une soci\u00e9t\u00e9 r\u00e9jouissante et durable.<br><br>Et si oser faire l&rsquo;exp\u00e9rience d\u2019autres fa\u00e7ons de faire et de vivre \u00e9tait la solution \u00e0 un monde durable\u00a0?<br><br>La DEI (Diversit\u00e9 et Inclusion) est l\u00e0 pour vous accompagner dans l&rsquo;am\u00e9lioration de vos comp\u00e9tences sociales, le d\u00e9veloppement de vos projets et le renforcement de votre gestion des ressources humaines.<\/p>\n\n\n\n<p class=\"has-text-align-right has-nv-dark-bg-color has-text-color has-link-color wp-elements-d3c7cbdd1b5e462819e2609031d57a95\"><em>\u00ab La folie, c\u2019est se comporter de la m\u00eame mani\u00e8re et s\u2019attendre \u00e0 un r\u00e9sultat diff\u00e9rent\u00a0\u00bb<\/em><br>Albert Einstein (math\u00e9maticien)<\/p>\n\n\n\n<p class=\"has-text-align-right has-nv-dark-bg-color has-text-color has-link-color wp-elements-bb00558cd6c0c818121a3e3f262be81b\"><em>\u00ab Le plus difficile, c\u2019est de d\u00e9cider d\u2019agir. Le reste ne tient qu\u2019\u00e0 la pers\u00e9v\u00e9rance.\u00a0\u00bb<\/em><br>Amelia Earhart (aviatrice)<\/p>\n\n\n\n<div class=\"wp-block-buttons is-horizontal is-content-justification-left is-layout-flex wp-container-core-buttons-is-layout-7e5fce0a wp-block-buttons-is-layout-flex\">\n<div class=\"wp-block-button is-style-primary\"><a class=\"wp-block-button__link has-nv-dark-bg-color has-nv-c-1-background-color has-text-color has-background has-link-color wp-element-button\" href=\"https:\/\/www.diversidees.be\/index.php\/formations-et-services\/\" style=\"border-width:1px;border-radius:6px\">Je me lance !<\/a><\/div>\n<\/div>\n<\/div><\/div>\n<\/div><\/div>\n\n\n\n<div style=\"height:33px\" aria-hidden=\"true\" class=\"wp-block-spacer\"><\/div>\n\n\n\n<div class=\"wp-block-cover alignwide is-light has-nv-dark-bg-color has-text-color has-link-color wp-elements-b723122fbe6cee809dabdf3ad3359838\" style=\"border-style:none;border-width:0px;border-radius:22px;min-height:506px;aspect-ratio:unset;\"><span aria-hidden=\"true\" class=\"wp-block-cover__background has-neve-link-hover-color-background-color has-background-dim-20 has-background-dim\"><\/span><img loading=\"lazy\" decoding=\"async\" width=\"1123\" height=\"794\" class=\"wp-block-cover__image-background wp-image-519\" alt=\"\" src=\"https:\/\/www.diversidees.be\/wp-content\/uploads\/2024\/02\/banniere-A4-triangle-et-angle-bleu.png\" style=\"object-position:58% 50%\" data-object-fit=\"cover\" data-object-position=\"58% 50%\" srcset=\"https:\/\/www.diversidees.be\/wp-content\/uploads\/2024\/02\/banniere-A4-triangle-et-angle-bleu.png 1123w, https:\/\/www.diversidees.be\/wp-content\/uploads\/2024\/02\/banniere-A4-triangle-et-angle-bleu-300x212.png 300w, https:\/\/www.diversidees.be\/wp-content\/uploads\/2024\/02\/banniere-A4-triangle-et-angle-bleu-1024x724.png 1024w, https:\/\/www.diversidees.be\/wp-content\/uploads\/2024\/02\/banniere-A4-triangle-et-angle-bleu-768x543.png 768w\" sizes=\"auto, (max-width: 1123px) 100vw, 1123px\" \/><div class=\"wp-block-cover__inner-container is-layout-flow wp-block-cover-is-layout-flow\">\n<div class=\"wp-block-media-text has-media-on-the-right is-stacked-on-mobile\" style=\"grid-template-columns:auto 26%\"><div class=\"wp-block-media-text__content\">\n<h2 class=\"wp-block-heading has-nv-dark-bg-color has-text-color has-link-color wp-elements-c7cc1437c5c51a6d47a65599d3925c33\">\u00c9co-Responsabilit\u00e9<\/h2>\n\n\n\n<p class=\"has-nv-dark-bg-color has-text-color has-link-color wp-elements-09458aebf07cf4545ba90f367715ff70\">Lutter contre les effets des changements climatiques, r\u00e9duire ses \u00e9missions de gaz \u00e0 effet de serre, diminuer son empreinte \u00e9cologique, respecter le vivant, \u2026 sont des valeurs commun\u00e9ment partag\u00e9es.<br><br>Mais <strong>par o\u00f9 commencer ?<\/strong><br>Peut-on r\u00e9ellement avoir un effet <strong>en tant qu&rsquo;individu<\/strong> ou <strong>entreprise<\/strong> ?<br><br>Sensibilisez-vous aux principes de l\u2019\u00e9cologie et du d\u00e9veloppement durable pour auto-<strong>d\u00e9finir un plan d\u2019action simple et efficace<\/strong> pour adapter vos gestes et actions quotidiennes avec un b\u00e9n\u00e9fice socio-environnemental r\u00e9el.<br><br>Repensez vos actions avec une \u00e9thique socio-environnementale et agissez en faveur d\u2019une soci\u00e9t\u00e9 durable.<br><br>R\u00e9appropriez-vous le pouvoir d\u2019\u00eatre <strong>acteur\u00b7ice de changements \u00e9co-responsable<\/strong>.<\/p>\n\n\n\n<div class=\"wp-block-buttons is-horizontal is-content-justification-left is-layout-flex wp-container-core-buttons-is-layout-7e5fce0a wp-block-buttons-is-layout-flex\">\n<div class=\"wp-block-button is-style-primary\"><a class=\"wp-block-button__link has-nv-dark-bg-color has-nv-c-1-background-color has-text-color has-background has-link-color has-border-color has-nv-dark-bg-border-color wp-element-button\" href=\"https:\/\/www.diversidees.be\/index.php\/formations-et-services\/\" style=\"border-width:1px;border-radius:6px\">Je me lance !<\/a><\/div>\n<\/div>\n\n\n\n<div style=\"height:0px\" aria-hidden=\"true\" class=\"wp-block-spacer\"><\/div>\n<\/div><figure class=\"wp-block-media-text__media\"><img loading=\"lazy\" decoding=\"async\" width=\"214\" height=\"191\" src=\"http:\/\/www.diversidees.be\/wp-content\/uploads\/2024\/02\/illustration-eco.png\" alt=\"\" class=\"wp-image-518 size-full\"\/><\/figure><\/div>\n<\/div><\/div>\n\n\n\n<div style=\"height:33px\" aria-hidden=\"true\" class=\"wp-block-spacer\"><\/div>\n\n\n\n<div class=\"wp-block-cover alignwide\" style=\"border-style:none;border-width:0px;border-radius:22px;min-height:552px;aspect-ratio:unset;\"><span aria-hidden=\"true\" class=\"wp-block-cover__background has-neve-link-color-background-color has-background-dim-20 has-background-dim\"><\/span><img loading=\"lazy\" decoding=\"async\" width=\"1123\" height=\"794\" class=\"wp-block-cover__image-background wp-image-522\" alt=\"\" src=\"https:\/\/www.diversidees.be\/wp-content\/uploads\/2024\/02\/banniere-A4-triangle-et-angle-orange.png\" style=\"object-position:40% 55%\" data-object-fit=\"cover\" data-object-position=\"40% 55%\" srcset=\"https:\/\/www.diversidees.be\/wp-content\/uploads\/2024\/02\/banniere-A4-triangle-et-angle-orange.png 1123w, https:\/\/www.diversidees.be\/wp-content\/uploads\/2024\/02\/banniere-A4-triangle-et-angle-orange-300x212.png 300w, https:\/\/www.diversidees.be\/wp-content\/uploads\/2024\/02\/banniere-A4-triangle-et-angle-orange-1024x724.png 1024w, https:\/\/www.diversidees.be\/wp-content\/uploads\/2024\/02\/banniere-A4-triangle-et-angle-orange-768x543.png 768w\" sizes=\"auto, (max-width: 1123px) 100vw, 1123px\" \/><div class=\"wp-block-cover__inner-container is-layout-flow wp-block-cover-is-layout-flow\">\n<div class=\"wp-block-media-text is-stacked-on-mobile\" style=\"grid-template-columns:25% auto\"><figure class=\"wp-block-media-text__media\"><img loading=\"lazy\" decoding=\"async\" width=\"184\" height=\"194\" src=\"http:\/\/www.diversidees.be\/wp-content\/uploads\/2024\/02\/illustration-prise-parole.png\" alt=\"\" class=\"wp-image-523 size-full\"\/><\/figure><div class=\"wp-block-media-text__content\">\n<h2 class=\"wp-block-heading has-nv-dark-bg-color has-text-color has-link-color wp-elements-7951e2a795bdac4d4191dcf74e9c47dd\" style=\"padding-right:var(--wp--preset--spacing--20);padding-left:var(--wp--preset--spacing--20)\">Communiquer ses id\u00e9es<\/h2>\n\n\n\n<p class=\"has-nv-dark-bg-color has-text-color has-link-color wp-elements-2daff5961da00016f632ed0bd7676076\" style=\"padding-right:var(--wp--preset--spacing--20);padding-left:var(--wp--preset--spacing--20)\"><br>Prendre la parole en public lors d&rsquo;une r\u00e9union ou d&rsquo;une pr\u00e9sentation pour partager une pens\u00e9e ou un projet, \u00e7a s&rsquo;apprend.<br><br>Le fond du message est essentiel, tout comme la forme&#8230;<br><br>Par une approche ludique et participative, d\u00e9veloppez vos comp\u00e9tences verbales et non-verbales pour vous offrir le plaisir de prendre la parole sereinement.<br><br>Les bonnes id\u00e9es m\u00e9ritent d\u2019\u00eatre bien partag\u00e9es.<\/p>\n\n\n\n<div class=\"wp-block-buttons is-horizontal is-content-justification-left is-layout-flex wp-container-core-buttons-is-layout-7e5fce0a wp-block-buttons-is-layout-flex\">\n<div class=\"wp-block-button is-style-primary\"><a class=\"wp-block-button__link has-nv-dark-bg-color has-nv-c-1-background-color has-text-color has-background has-link-color has-border-color has-nv-dark-bg-border-color wp-element-button\" href=\"https:\/\/www.diversidees.be\/index.php\/formations-et-services\/\" style=\"border-width:1px;border-radius:6px\">Je me lance !<\/a><\/div>\n<\/div>\n<\/div><\/div>\n<\/div><\/div>\n\n\n\n<div style=\"height:33px\" aria-hidden=\"true\" class=\"wp-block-spacer\"><\/div>\n\n\n\n<h2 class=\"wp-block-heading has-text-align-center has-nv-dark-bg-color has-text-color has-link-color wp-elements-1fe0f7d2199539de9fd14457220d3334\">Renforcez vos comp\u00e9tences !<\/h2>\n\n\n\n<div style=\"height:33px\" aria-hidden=\"true\" class=\"wp-block-spacer\"><\/div>\n\n\n\n<div class=\"wp-block-cover alignwide has-nv-dark-bg-color has-text-color has-link-color wp-elements-688374932cbc2db8ef4ba62d0e88b4ef\" style=\"border-radius:22px;min-height:300px;aspect-ratio:unset;\"><span aria-hidden=\"true\" class=\"wp-block-cover__background has-background-dim-0 has-background-dim\"><\/span><img loading=\"lazy\" decoding=\"async\" width=\"1123\" height=\"794\" class=\"wp-block-cover__image-background wp-image-516\" alt=\"\" src=\"http:\/\/www.diversidees.be\/wp-content\/uploads\/2024\/02\/banniere-A4-triangle-et-angle-multicolore-1.png\" style=\"object-position:31% 66%\" data-object-fit=\"cover\" data-object-position=\"31% 66%\" srcset=\"https:\/\/www.diversidees.be\/wp-content\/uploads\/2024\/02\/banniere-A4-triangle-et-angle-multicolore-1.png 1123w, https:\/\/www.diversidees.be\/wp-content\/uploads\/2024\/02\/banniere-A4-triangle-et-angle-multicolore-1-300x212.png 300w, https:\/\/www.diversidees.be\/wp-content\/uploads\/2024\/02\/banniere-A4-triangle-et-angle-multicolore-1-1024x724.png 1024w, https:\/\/www.diversidees.be\/wp-content\/uploads\/2024\/02\/banniere-A4-triangle-et-angle-multicolore-1-768x543.png 768w\" sizes=\"auto, (max-width: 1123px) 100vw, 1123px\" \/><div class=\"wp-block-cover__inner-container is-layout-flow wp-block-cover-is-layout-flow\"><div class=\"wp-block-image is-style-default\">\n<figure class=\"aligncenter size-full\"><a href=\"https:\/\/www.diversidees.be\/index.php\/contact\/\"><img loading=\"lazy\" decoding=\"async\" width=\"191\" height=\"191\" src=\"http:\/\/www.diversidees.be\/wp-content\/uploads\/2024\/02\/email-sm-logo-mail-blanc.png\" alt=\"\" class=\"wp-image-399\" srcset=\"https:\/\/www.diversidees.be\/wp-content\/uploads\/2024\/02\/email-sm-logo-mail-blanc.png 191w, https:\/\/www.diversidees.be\/wp-content\/uploads\/2024\/02\/email-sm-logo-mail-blanc-150x150.png 150w\" sizes=\"auto, (max-width: 191px) 100vw, 191px\" \/><\/a><\/figure>\n<\/div>\n\n\n<div class=\"wp-block-buttons is-horizontal is-content-justification-center is-layout-flex wp-container-core-buttons-is-layout-499968f5 wp-block-buttons-is-layout-flex\">\n<div class=\"wp-block-button is-style-default\"><a class=\"wp-block-button__link has-nv-dark-bg-color has-nv-c-1-background-color has-text-color has-background has-link-color has-border-color has-nv-dark-bg-border-color wp-element-button\" href=\"https:\/\/www.diversidees.be\/index.php\/contact\/\" style=\"border-width:1px;border-radius:6px\">Contactez-nous<\/a><\/div>\n<\/div>\n<\/div><\/div>\n\n\n\n<div style=\"height:100px\" aria-hidden=\"true\" class=\"wp-block-spacer\"><\/div>\n","protected":false},"excerpt":{"rendered":"<p>Th\u00e9matiques Diversit\u00e9s et Inclusion (DEI) R\u00e9-apprendre \u00e0 questionner ses cadres de r\u00e9f\u00e9rences et ses habitudes pour s&rsquo;ouvrir aux diversit\u00e9s et \u00e0 leur inclusion. \u00c9co-Responsabilit\u00e9 Se r\u00e9-approprier le pouvoir d\u2019\u00eatre acteur\u00b7ice de changements \u00e9co-responsables. Communiquer ses id\u00e9es Oser prendre la parole en publique.Les bonnes id\u00e9es m\u00e9ritent d\u2019\u00eatre bien partag\u00e9es. Renforcez vos comp\u00e9tences !<\/p>\n","protected":false},"author":1,"featured_media":0,"parent":0,"menu_order":0,"comment_status":"closed","ping_status":"closed","template":"","meta":{"neve_meta_sidebar":"","neve_meta_container":"","neve_meta_enable_content_width":"","neve_meta_content_width":0,"neve_meta_title_alignment":"","neve_meta_author_avatar":"","neve_post_elements_order":"","neve_meta_disable_header":"","neve_meta_disable_footer":"","neve_meta_disable_title":"","_themeisle_gutenberg_block_has_review":false,"footnotes":""},"class_list":["post-18","page","type-page","status-publish","hentry"],"_links":{"self":[{"href":"https:\/\/www.diversidees.be\/index.php\/wp-json\/wp\/v2\/pages\/18","targetHints":{"allow":["GET"]}}],"collection":[{"href":"https:\/\/www.diversidees.be\/index.php\/wp-json\/wp\/v2\/pages"}],"about":[{"href":"https:\/\/www.diversidees.be\/index.php\/wp-json\/wp\/v2\/types\/page"}],"author":[{"embeddable":true,"href":"https:\/\/www.diversidees.be\/index.php\/wp-json\/wp\/v2\/users\/1"}],"replies":[{"embeddable":true,"href":"https:\/\/www.diversidees.be\/index.php\/wp-json\/wp\/v2\/comments?post=18"}],"version-history":[{"count":20,"href":"https:\/\/www.diversidees.be\/index.php\/wp-json\/wp\/v2\/pages\/18\/revisions"}],"predecessor-version":[{"id":639,"href":"https:\/\/www.diversidees.be\/index.php\/wp-json\/wp\/v2\/pages\/18\/revisions\/639"}],"wp:attachment":[{"href":"https:\/\/www.diversidees.be\/index.php\/wp-json\/wp\/v2\/media?parent=18"}],"curies":[{"name":"wp","href":"https:\/\/api.w.org\/{rel}","templated":true}]}}